{"id":75,"date":"2023-03-09T22:23:34","date_gmt":"2023-03-09T22:23:34","guid":{"rendered":"https:\/\/magemi.fr\/punk\/?page_id=75"},"modified":"2023-04-01T11:28:54","modified_gmt":"2023-04-01T09:28:54","slug":"credits","status":"publish","type":"page","link":"https:\/\/magemi.fr\/punk\/credits\/","title":{"rendered":"Cr\u00e9dits"},"content":{"rendered":"<figure id=\"attachment_356\" aria-describedby=\"caption-attachment-356\" style=\"width: 800px\" class=\"wp-caption alignnone\"><a href=\"https:\/\/magemi.fr\/punk\/wp-content\/uploads\/2023\/03\/promo02.jpg\"><img decoding=\"async\" loading=\"lazy\" class=\"wp-image-356\" src=\"https:\/\/magemi.fr\/punk\/wp-content\/uploads\/2023\/03\/promo02-300x110.jpg\" alt=\"\" width=\"800\" height=\"294\" srcset=\"https:\/\/magemi.fr\/punk\/wp-content\/uploads\/2023\/03\/promo02-300x110.jpg 300w, https:\/\/magemi.fr\/punk\/wp-content\/uploads\/2023\/03\/promo02-1024x376.jpg 1024w, https:\/\/magemi.fr\/punk\/wp-content\/uploads\/2023\/03\/promo02-768x282.jpg 768w, https:\/\/magemi.fr\/punk\/wp-content\/uploads\/2023\/03\/promo02-1536x564.jpg 1536w, https:\/\/magemi.fr\/punk\/wp-content\/uploads\/2023\/03\/promo02.jpg 1600w\" sizes=\"(max-width: 800px) 100vw, 800px\" \/><\/a><figcaption id=\"caption-attachment-356\" class=\"wp-caption-text\"><span style=\"font-size: 8pt;\">Photo : Magali Le Mens<\/span><\/figcaption><\/figure>\n<p><span style=\"font-family: Bungee;\"><em>Alternatif! Les punks \u00e0 rennes<\/em><\/span><br \/>\nest une exposition con\u00e7ue et produite par la promotion 14 du Master MAGEMI (Gestion et Mise en valeur des \u0153uvres d&rsquo;art, des objets ethnographiques et techniques) de l&rsquo;Universit\u00e9 Rennes 2 en partenariat avec l&rsquo;Association BUG.<\/p>\n<p><strong>Co-commissariat<\/strong> : Marnie Caoudal, Ana\u00efs Ferreira, Bastien Giraudon, Romane Gu\u00e9rineau, Hanna Jaouen, Jos\u00e9phine Lefort, Morgane Mithouard, Camille Navecth, Morgane Petitjean, Sol\u00e8ne Portzer, Justine Wendling<\/p>\n<p><strong>Comit\u00e9 scientifique\u00a0<\/strong>: Gw\u00e9na\u00ebl Orhan, Patrice Poch, Luc Rob\u00e8ne, Solveig Serre<\/p>\n<p><strong>\u00c9quipe p\u00e9dagogique<\/strong> : Florence Duchemin-Pelletier, Agn\u00e8s Levillain, Rozenn Chambard, Gilles Debroise, Thurianne Dion, Le\u00efla Drissi, Alexandra Legros, Eric Verrier<\/p>\n<p><strong>Conception et r\u00e9alisation web<\/strong> : Florence Duchemin-Pelletier<\/p>\n<p><strong>Dessins<\/strong> : Jos\u00e9phine Lefort<\/p>\n<p><strong>Le MAGEMI tient \u00e0 remercier chaleureusement<\/strong> : H\u00e9l\u00e8ne Audrain, Sybille Avril, Mireille Barre, Kimberley Bertheau, Cheryane Bessa, Justine Boch, Lucile Bourdelais, Baptiste Brun, Yoann Clarey, Maryse Cordie, Floriane Coris, Guillaume Coulombel, Marie Delannai, Thomas Evrain, Gwenola Furic, Alexandre Giscard-Muscagorry, Syriane Gu\u00e9rineau, Brigitte Jaouen Guennec, Fr\u00e9d\u00e9ric Jaouen, Candice Leboeuf, Paula Lefort, Aline Marais, Isabelle Mary, C\u00e9lia Massard, Nicole Mithouard, Cl\u00e9mence Moull\u00e9 Pr\u00e9vost, Hippolyte Navecth, \u00c9ric Petitjean, L\u00e9na\u00efck Petitjean, V\u00e9ronique Mary Picard, Florence Portzer, Marion Ploquin, St\u00e9phanie Puchaud, Julie Qu\u00e9r\u00e9, \u00c9milie Radhakrishnan, Camille Roblin, Manon Six, Annie Wendling, Benjamin Wendling, Florent Wendling<\/p>\n<p><img decoding=\"async\" loading=\"lazy\" class=\"alignnone wp-image-368\" src=\"https:\/\/magemi.fr\/punk\/wp-content\/uploads\/2023\/03\/logo03-300x293.jpg\" alt=\"\" width=\"51\" height=\"50\" srcset=\"https:\/\/magemi.fr\/punk\/wp-content\/uploads\/2023\/03\/logo03-300x300.jpg 300w, https:\/\/magemi.fr\/punk\/wp-content\/uploads\/2023\/03\/logo03-150x150.jpg 150w, https:\/\/magemi.fr\/punk\/wp-content\/uploads\/2023\/03\/logo03-75x75.jpg 75w, https:\/\/magemi.fr\/punk\/wp-content\/uploads\/2023\/03\/logo03.jpg 363w\" sizes=\"(max-width: 51px) 100vw, 51px\" \/> <img decoding=\"async\" loading=\"lazy\" class=\"alignnone wp-image-52\" src=\"https:\/\/magemi.fr\/punk\/wp-content\/uploads\/2023\/03\/logo01-291x300.png\" alt=\"\" width=\"48\" height=\"50\" srcset=\"https:\/\/magemi.fr\/punk\/wp-content\/uploads\/2023\/03\/logo01-291x300.png 291w, https:\/\/magemi.fr\/punk\/wp-content\/uploads\/2023\/03\/logo01.png 344w\" sizes=\"(max-width: 48px) 100vw, 48px\" \/>\u00a0\u00a0<img decoding=\"async\" loading=\"lazy\" class=\"alignnone wp-image-53\" src=\"https:\/\/magemi.fr\/punk\/wp-content\/uploads\/2023\/03\/logo02-300x132.png\" alt=\"\" width=\"114\" height=\"50\" srcset=\"https:\/\/magemi.fr\/punk\/wp-content\/uploads\/2023\/03\/logo02-300x132.png 300w, https:\/\/magemi.fr\/punk\/wp-content\/uploads\/2023\/03\/logo02.png 500w\" sizes=\"(max-width: 114px) 100vw, 114px\" \/> <img decoding=\"async\" loading=\"lazy\" class=\"alignnone wp-image-369\" src=\"https:\/\/magemi.fr\/punk\/wp-content\/uploads\/2023\/03\/logo04-300x272.jpg\" alt=\"\" width=\"55\" height=\"50\" srcset=\"https:\/\/magemi.fr\/punk\/wp-content\/uploads\/2023\/03\/logo04-300x272.jpg 300w, https:\/\/magemi.fr\/punk\/wp-content\/uploads\/2023\/03\/logo04.jpg 391w\" sizes=\"(max-width: 55px) 100vw, 55px\" \/> <img decoding=\"async\" loading=\"lazy\" class=\"alignnone wp-image-464\" src=\"https:\/\/magemi.fr\/punk\/wp-content\/uploads\/2023\/03\/logo15-300x117.png\" alt=\"\" width=\"129\" height=\"50\" srcset=\"https:\/\/magemi.fr\/punk\/wp-content\/uploads\/2023\/03\/logo15-300x117.png 300w, https:\/\/magemi.fr\/punk\/wp-content\/uploads\/2023\/03\/logo15.png 355w\" sizes=\"(max-width: 129px) 100vw, 129px\" \/> <img decoding=\"async\" loading=\"lazy\" class=\"alignnone wp-image-370\" src=\"https:\/\/magemi.fr\/punk\/wp-content\/uploads\/2023\/03\/logo05-300x297.jpg\" alt=\"\" width=\"50\" height=\"50\" srcset=\"https:\/\/magemi.fr\/punk\/wp-content\/uploads\/2023\/03\/logo05-300x300.jpg 300w, https:\/\/magemi.fr\/punk\/wp-content\/uploads\/2023\/03\/logo05-150x150.jpg 150w, https:\/\/magemi.fr\/punk\/wp-content\/uploads\/2023\/03\/logo05-75x75.jpg 75w, https:\/\/magemi.fr\/punk\/wp-content\/uploads\/2023\/03\/logo05.jpg 358w\" sizes=\"(max-width: 50px) 100vw, 50px\" \/><img decoding=\"async\" loading=\"lazy\" class=\"alignnone wp-image-371\" src=\"https:\/\/magemi.fr\/punk\/wp-content\/uploads\/2023\/03\/logo06-300x258.jpg\" alt=\"\" width=\"58\" height=\"50\" srcset=\"https:\/\/magemi.fr\/punk\/wp-content\/uploads\/2023\/03\/logo06-300x258.jpg 300w, https:\/\/magemi.fr\/punk\/wp-content\/uploads\/2023\/03\/logo06.jpg 412w\" sizes=\"(max-width: 58px) 100vw, 58px\" \/><img decoding=\"async\" loading=\"lazy\" class=\"alignnone wp-image-372\" src=\"https:\/\/magemi.fr\/punk\/wp-content\/uploads\/2023\/03\/logo07-300x180.jpg\" alt=\"\" width=\"83\" height=\"50\" srcset=\"https:\/\/magemi.fr\/punk\/wp-content\/uploads\/2023\/03\/logo07-300x180.jpg 300w, https:\/\/magemi.fr\/punk\/wp-content\/uploads\/2023\/03\/logo07.jpg 591w\" sizes=\"(max-width: 83px) 100vw, 83px\" \/><img decoding=\"async\" loading=\"lazy\" class=\"alignnone wp-image-469\" src=\"https:\/\/magemi.fr\/punk\/wp-content\/uploads\/2023\/03\/logo08-300x101.jpg\" alt=\"\" width=\"149\" height=\"50\" srcset=\"https:\/\/magemi.fr\/punk\/wp-content\/uploads\/2023\/03\/logo08-300x101.jpg 300w, https:\/\/magemi.fr\/punk\/wp-content\/uploads\/2023\/03\/logo08.jpg 328w\" sizes=\"(max-width: 149px) 100vw, 149px\" \/><img decoding=\"async\" loading=\"lazy\" class=\"alignnone wp-image-374\" src=\"https:\/\/magemi.fr\/punk\/wp-content\/uploads\/2023\/03\/logo09-300x235.png\" alt=\"\" width=\"64\" height=\"50\" srcset=\"https:\/\/magemi.fr\/punk\/wp-content\/uploads\/2023\/03\/logo09-300x235.png 300w, https:\/\/magemi.fr\/punk\/wp-content\/uploads\/2023\/03\/logo09.png 432w\" sizes=\"(max-width: 64px) 100vw, 64px\" \/><img decoding=\"async\" loading=\"lazy\" class=\"alignnone wp-image-375\" src=\"https:\/\/magemi.fr\/punk\/wp-content\/uploads\/2023\/03\/logo10-300x300.png\" alt=\"\" width=\"50\" height=\"50\" srcset=\"https:\/\/magemi.fr\/punk\/wp-content\/uploads\/2023\/03\/logo10-300x300.png 300w, https:\/\/magemi.fr\/punk\/wp-content\/uploads\/2023\/03\/logo10-150x150.png 150w, https:\/\/magemi.fr\/punk\/wp-content\/uploads\/2023\/03\/logo10-75x75.png 75w, https:\/\/magemi.fr\/punk\/wp-content\/uploads\/2023\/03\/logo10.png 356w\" sizes=\"(max-width: 50px) 100vw, 50px\" \/>\u00a0<img decoding=\"async\" loading=\"lazy\" class=\"alignnone wp-image-376\" src=\"https:\/\/magemi.fr\/punk\/wp-content\/uploads\/2023\/03\/logo11-300x247.png\" alt=\"\" width=\"61\" height=\"50\" srcset=\"https:\/\/magemi.fr\/punk\/wp-content\/uploads\/2023\/03\/logo11-300x247.png 300w, https:\/\/magemi.fr\/punk\/wp-content\/uploads\/2023\/03\/logo11.png 432w\" sizes=\"(max-width: 61px) 100vw, 61px\" \/> <img decoding=\"async\" loading=\"lazy\" class=\"alignnone wp-image-377\" src=\"https:\/\/magemi.fr\/punk\/wp-content\/uploads\/2023\/03\/logo12-300x202.png\" alt=\"\" width=\"74\" height=\"50\" srcset=\"https:\/\/magemi.fr\/punk\/wp-content\/uploads\/2023\/03\/logo12-300x202.png 300w, https:\/\/magemi.fr\/punk\/wp-content\/uploads\/2023\/03\/logo12.png 526w\" sizes=\"(max-width: 74px) 100vw, 74px\" \/><img decoding=\"async\" loading=\"lazy\" class=\"alignnone wp-image-378\" src=\"https:\/\/magemi.fr\/punk\/wp-content\/uploads\/2023\/03\/logo13-300x300.png\" alt=\"\" width=\"50\" height=\"50\" srcset=\"https:\/\/magemi.fr\/punk\/wp-content\/uploads\/2023\/03\/logo13-300x300.png 300w, https:\/\/magemi.fr\/punk\/wp-content\/uploads\/2023\/03\/logo13-150x150.png 150w, https:\/\/magemi.fr\/punk\/wp-content\/uploads\/2023\/03\/logo13-75x75.png 75w, https:\/\/magemi.fr\/punk\/wp-content\/uploads\/2023\/03\/logo13.png 355w\" sizes=\"(max-width: 50px) 100vw, 50px\" \/> <img decoding=\"async\" loading=\"lazy\" class=\"alignnone wp-image-379\" src=\"https:\/\/magemi.fr\/punk\/wp-content\/uploads\/2023\/03\/logo14-273x300.jpg\" alt=\"\" width=\"50\" height=\"55\" data-wp-editing=\"1\" srcset=\"https:\/\/magemi.fr\/punk\/wp-content\/uploads\/2023\/03\/logo14-273x300.jpg 273w, https:\/\/magemi.fr\/punk\/wp-content\/uploads\/2023\/03\/logo14.jpg 323w\" sizes=\"(max-width: 50px) 100vw, 50px\" \/> <img decoding=\"async\" loading=\"lazy\" class=\"alignnone wp-image-466\" src=\"https:\/\/magemi.fr\/punk\/wp-content\/uploads\/2023\/03\/logo16-300x297.png\" alt=\"\" width=\"61\" height=\"60\" srcset=\"https:\/\/magemi.fr\/punk\/wp-content\/uploads\/2023\/03\/logo16-300x300.png 300w, https:\/\/magemi.fr\/punk\/wp-content\/uploads\/2023\/03\/logo16-150x150.png 150w, https:\/\/magemi.fr\/punk\/wp-content\/uploads\/2023\/03\/logo16-75x75.png 75w, https:\/\/magemi.fr\/punk\/wp-content\/uploads\/2023\/03\/logo16.png 344w\" sizes=\"(max-width: 61px) 100vw, 61px\" \/><\/p>\n","protected":false},"excerpt":{"rendered":"<p>Alternatif! Les punks \u00e0 rennes est une exposition con\u00e7ue et produite par la promotion 14 du Master MAGEMI (Gestion et [&hellip;]<\/p>\n","protected":false},"author":1,"featured_media":0,"parent":0,"menu_order":0,"comment_status":"closed","ping_status":"closed","template":"","meta":{"_price":"","_stock":"","_tribe_ticket_header":"","_tribe_default_ticket_provider":"","_tribe_ticket_capacity":"0","_ticket_start_date":"","_ticket_end_date":"","_tribe_ticket_show_description":"","_tribe_ticket_show_not_going":false,"_tribe_ticket_use_global_stock":"","_tribe_ticket_global_stock_level":"","_global_stock_mode":"","_global_stock_cap":"","_tribe_rsvp_for_event":"","_tribe_ticket_going_count":"","_tribe_ticket_not_going_count":"","_tribe_tickets_list":"[]","_tribe_ticket_has_attendee_info_fields":false,"footnotes":"","_links_to":"","_links_to_target":""},"_links":{"self":[{"href":"https:\/\/magemi.fr\/punk\/wp-json\/wp\/v2\/pages\/75"}],"collection":[{"href":"https:\/\/magemi.fr\/punk\/wp-json\/wp\/v2\/pages"}],"about":[{"href":"https:\/\/magemi.fr\/punk\/wp-json\/wp\/v2\/types\/page"}],"author":[{"embeddable":true,"href":"https:\/\/magemi.fr\/punk\/wp-json\/wp\/v2\/users\/1"}],"replies":[{"embeddable":true,"href":"https:\/\/magemi.fr\/punk\/wp-json\/wp\/v2\/comments?post=75"}],"version-history":[{"count":37,"href":"https:\/\/magemi.fr\/punk\/wp-json\/wp\/v2\/pages\/75\/revisions"}],"predecessor-version":[{"id":526,"href":"https:\/\/magemi.fr\/punk\/wp-json\/wp\/v2\/pages\/75\/revisions\/526"}],"wp:attachment":[{"href":"https:\/\/magemi.fr\/punk\/wp-json\/wp\/v2\/media?parent=75"}],"curies":[{"name":"wp","href":"https:\/\/api.w.org\/{rel}","templated":true}]}}