{"id":8,"date":"2023-03-09T15:14:30","date_gmt":"2023-03-09T15:14:30","guid":{"rendered":"https:\/\/magemi.fr\/punk\/?page_id=8"},"modified":"2023-03-22T13:30:19","modified_gmt":"2023-03-22T12:30:19","slug":"map","status":"publish","type":"page","link":"https:\/\/magemi.fr\/punk\/map\/","title":{"rendered":"Carte interactive"},"content":{"rendered":"<p><i><span style=\"font-weight: 400;\">Alternatif ! Les punks \u00e0 Rennes<\/span><\/i><span style=\"font-weight: 400;\"> rend compte de l&rsquo;ancrage du mouvement dans la capitale bretonne. Les punks ont c\u00f4toy\u00e9 et marqu\u00e9 de nombreux lieux en commen\u00e7ant par la rue, les salles de concerts puis les squats, mais aussi les disquaires. Cette carte interactive localise les adresses \u00e9voqu\u00e9es au sein du parcours d&rsquo;exposition. <\/span><\/p>\n<p><iframe loading=\"lazy\" src=\"https:\/\/www.google.com\/maps\/d\/u\/1\/embed?mid=1MNZqWHgLo0bvrj5bLl8IGBxcZmYUHHw&amp;ehbc=2E312F&amp;z=13\" width=\"1600\" height=\"800\"><\/iframe><\/p>\n","protected":false},"excerpt":{"rendered":"<p>Alternatif ! Les punks \u00e0 Rennes rend compte de l&rsquo;ancrage du mouvement dans la capitale bretonne. Les punks ont c\u00f4toy\u00e9 [&hellip;]<\/p>\n","protected":false},"author":1,"featured_media":0,"parent":0,"menu_order":0,"comment_status":"closed","ping_status":"closed","template":"","meta":{"_price":"","_stock":"","_tribe_ticket_header":"","_tribe_default_ticket_provider":"","_tribe_ticket_capacity":"0","_ticket_start_date":"","_ticket_end_date":"","_tribe_ticket_show_description":"","_tribe_ticket_show_not_going":false,"_tribe_ticket_use_global_stock":"","_tribe_ticket_global_stock_level":"","_global_stock_mode":"","_global_stock_cap":"","_tribe_rsvp_for_event":"","_tribe_ticket_going_count":"","_tribe_ticket_not_going_count":"","_tribe_tickets_list":"[]","_tribe_ticket_has_attendee_info_fields":false,"footnotes":"","_links_to":"","_links_to_target":""},"_links":{"self":[{"href":"https:\/\/magemi.fr\/punk\/wp-json\/wp\/v2\/pages\/8"}],"collection":[{"href":"https:\/\/magemi.fr\/punk\/wp-json\/wp\/v2\/pages"}],"about":[{"href":"https:\/\/magemi.fr\/punk\/wp-json\/wp\/v2\/types\/page"}],"author":[{"embeddable":true,"href":"https:\/\/magemi.fr\/punk\/wp-json\/wp\/v2\/users\/1"}],"replies":[{"embeddable":true,"href":"https:\/\/magemi.fr\/punk\/wp-json\/wp\/v2\/comments?post=8"}],"version-history":[{"count":18,"href":"https:\/\/magemi.fr\/punk\/wp-json\/wp\/v2\/pages\/8\/revisions"}],"predecessor-version":[{"id":449,"href":"https:\/\/magemi.fr\/punk\/wp-json\/wp\/v2\/pages\/8\/revisions\/449"}],"wp:attachment":[{"href":"https:\/\/magemi.fr\/punk\/wp-json\/wp\/v2\/media?parent=8"}],"curies":[{"name":"wp","href":"https:\/\/api.w.org\/{rel}","templated":true}]}}